{"id":53,"date":"2020-10-02T13:04:56","date_gmt":"2020-10-02T13:04:56","guid":{"rendered":"http:\/\/www.mariusz-zjadliwy.podlasie.pl\/?page_id=53"},"modified":"2021-02-10T11:04:06","modified_gmt":"2021-02-10T11:04:06","slug":"galeria","status":"publish","type":"page","link":"https:\/\/www.mariusz-zjadliwy.podlasie.pl\/index.php\/galeria\/","title":{"rendered":"Galeria"},"content":{"rendered":"\n<p>Oto galeria obraz\u00f3w Mariusza Zjadliwego. Wszystkie obrazy w jednym miejscu.<\/p>\n\n\n\n<figure class=\"wp-block-gallery columns-3 is-cropped\"><ul class=\"blocks-gallery-grid\"><li class=\"blocks-gallery-item\"><figure><img loading=\"lazy\" width=\"1024\" height=\"735\" src=\"https:\/\/www.mariusz-zjadliwy.podlasie.pl\/wp-content\/uploads\/2020\/10\/Kebabownia-1024x735.jpg\" alt=\"\" data-id=\"48\" data-full-url=\"https:\/\/www.mariusz-zjadliwy.podlasie.pl\/wp-content\/uploads\/2020\/10\/Kebabownia-scaled.jpg\" data-link=\"https:\/\/www.mariusz-zjadliwy.podlasie.pl\/kebabownia\/\" class=\"wp-image-48\" srcset=\"https:\/\/www.mariusz-zjadliwy.podlasie.pl\/wp-content\/uploads\/2020\/10\/Kebabownia-1024x735.jpg 1024w, https:\/\/www.mariusz-zjadliwy.podlasie.pl\/wp-content\/uploads\/2020\/10\/Kebabownia-300x215.jpg 300w, https:\/\/www.mariusz-zjadliwy.podlasie.pl\/wp-content\/uploads\/2020\/10\/Kebabownia-768x551.jpg 768w, https:\/\/www.mariusz-zjadliwy.podlasie.pl\/wp-content\/uploads\/2020\/10\/Kebabownia-1536x1102.jpg 1536w\" sizes=\"(max-width: 1024px) 100vw, 1024px\" \/><figcaption class=\"blocks-gallery-item__caption\">Kebabownia<\/figcaption><\/figure><\/li><li class=\"blocks-gallery-item\"><figure><img loading=\"lazy\" width=\"1024\" height=\"740\" src=\"https:\/\/www.mariusz-zjadliwy.podlasie.pl\/wp-content\/uploads\/2020\/10\/XDv.2-2-1024x740.jpg\" alt=\"\" data-id=\"45\" data-full-url=\"https:\/\/www.mariusz-zjadliwy.podlasie.pl\/wp-content\/uploads\/2020\/10\/XDv.2-2-scaled.jpg\" data-link=\"https:\/\/www.mariusz-zjadliwy.podlasie.pl\/index.php\/2020\/10\/01\/poczatek\/xdv-2-2\/\" class=\"wp-image-45\" srcset=\"https:\/\/www.mariusz-zjadliwy.podlasie.pl\/wp-content\/uploads\/2020\/10\/XDv.2-2-1024x740.jpg 1024w, https:\/\/www.mariusz-zjadliwy.podlasie.pl\/wp-content\/uploads\/2020\/10\/XDv.2-2-300x217.jpg 300w, https:\/\/www.mariusz-zjadliwy.podlasie.pl\/wp-content\/uploads\/2020\/10\/XDv.2-2-768x555.jpg 768w, https:\/\/www.mariusz-zjadliwy.podlasie.pl\/wp-content\/uploads\/2020\/10\/XDv.2-2-1536x1110.jpg 1536w\" sizes=\"(max-width: 1024px) 100vw, 1024px\" \/><figcaption class=\"blocks-gallery-item__caption\">XD<\/figcaption><\/figure><\/li><li class=\"blocks-gallery-item\"><figure><img loading=\"lazy\" width=\"1024\" height=\"721\" src=\"https:\/\/www.mariusz-zjadliwy.podlasie.pl\/wp-content\/uploads\/2020\/10\/Kebab-City-1024x721.jpg\" alt=\"\" data-id=\"7\" data-full-url=\"https:\/\/www.mariusz-zjadliwy.podlasie.pl\/wp-content\/uploads\/2020\/10\/Kebab-City-scaled.jpg\" data-link=\"https:\/\/www.mariusz-zjadliwy.podlasie.pl\/kebab-city\/\" class=\"wp-image-7\" srcset=\"https:\/\/www.mariusz-zjadliwy.podlasie.pl\/wp-content\/uploads\/2020\/10\/Kebab-City-1024x721.jpg 1024w, https:\/\/www.mariusz-zjadliwy.podlasie.pl\/wp-content\/uploads\/2020\/10\/Kebab-City-300x211.jpg 300w, https:\/\/www.mariusz-zjadliwy.podlasie.pl\/wp-content\/uploads\/2020\/10\/Kebab-City-768x541.jpg 768w, https:\/\/www.mariusz-zjadliwy.podlasie.pl\/wp-content\/uploads\/2020\/10\/Kebab-City-1536x1081.jpg 1536w, https:\/\/www.mariusz-zjadliwy.podlasie.pl\/wp-content\/uploads\/2020\/10\/Kebab-City-2048x1442.jpg 2048w, https:\/\/www.mariusz-zjadliwy.podlasie.pl\/wp-content\/uploads\/2020\/10\/Kebab-City-1568x1104.jpg 1568w\" sizes=\"(max-width: 1024px) 100vw, 1024px\" \/><figcaption class=\"blocks-gallery-item__caption\">Kebab City<\/figcaption><\/figure><\/li><li class=\"blocks-gallery-item\"><figure><img loading=\"lazy\" width=\"1024\" height=\"737\" src=\"https:\/\/www.mariusz-zjadliwy.podlasie.pl\/wp-content\/uploads\/2020\/10\/Obrady-Medrcow-Zyciowych-1024x737.jpg\" alt=\"\" data-id=\"8\" data-full-url=\"https:\/\/www.mariusz-zjadliwy.podlasie.pl\/wp-content\/uploads\/2020\/10\/Obrady-Medrcow-Zyciowych-scaled.jpg\" data-link=\"https:\/\/www.mariusz-zjadliwy.podlasie.pl\/obrady-medrcow-zyciowych\/\" class=\"wp-image-8\" srcset=\"https:\/\/www.mariusz-zjadliwy.podlasie.pl\/wp-content\/uploads\/2020\/10\/Obrady-Medrcow-Zyciowych-1024x737.jpg 1024w, https:\/\/www.mariusz-zjadliwy.podlasie.pl\/wp-content\/uploads\/2020\/10\/Obrady-Medrcow-Zyciowych-300x216.jpg 300w, https:\/\/www.mariusz-zjadliwy.podlasie.pl\/wp-content\/uploads\/2020\/10\/Obrady-Medrcow-Zyciowych-768x553.jpg 768w, https:\/\/www.mariusz-zjadliwy.podlasie.pl\/wp-content\/uploads\/2020\/10\/Obrady-Medrcow-Zyciowych-1536x1105.jpg 1536w\" sizes=\"(max-width: 1024px) 100vw, 1024px\" \/><figcaption class=\"blocks-gallery-item__caption\">Obrady m\u0119drc\u00f3w \u017cyciowych<\/figcaption><\/figure><\/li><li class=\"blocks-gallery-item\"><figure><img loading=\"lazy\" width=\"798\" height=\"400\" src=\"https:\/\/www.mariusz-zjadliwy.podlasie.pl\/wp-content\/uploads\/2020\/10\/heheheheheheheh-herhe.png\" alt=\"\" data-id=\"6\" data-full-url=\"https:\/\/www.mariusz-zjadliwy.podlasie.pl\/wp-content\/uploads\/2020\/10\/heheheheheheheh-herhe.png\" data-link=\"https:\/\/www.mariusz-zjadliwy.podlasie.pl\/heheheheheheheh-herhe\/\" class=\"wp-image-6\" srcset=\"https:\/\/www.mariusz-zjadliwy.podlasie.pl\/wp-content\/uploads\/2020\/10\/heheheheheheheh-herhe.png 798w, https:\/\/www.mariusz-zjadliwy.podlasie.pl\/wp-content\/uploads\/2020\/10\/heheheheheheheh-herhe-300x150.png 300w, https:\/\/www.mariusz-zjadliwy.podlasie.pl\/wp-content\/uploads\/2020\/10\/heheheheheheheh-herhe-768x385.png 768w\" sizes=\"(max-width: 798px) 100vw, 798px\" \/><figcaption class=\"blocks-gallery-item__caption\">Kole\u015b z kebabem<\/figcaption><\/figure><\/li><li class=\"blocks-gallery-item\"><figure><img loading=\"lazy\" width=\"383\" height=\"200\" src=\"https:\/\/www.mariusz-zjadliwy.podlasie.pl\/wp-content\/uploads\/2020\/10\/zul-nosi-zula62e069fcf0204f56f7b43006290d6a1d0f344eaf290408641d9c7281ef1b8421.png\" alt=\"\" data-id=\"10\" data-full-url=\"https:\/\/www.mariusz-zjadliwy.podlasie.pl\/wp-content\/uploads\/2020\/10\/zul-nosi-zula62e069fcf0204f56f7b43006290d6a1d0f344eaf290408641d9c7281ef1b8421.png\" data-link=\"https:\/\/www.mariusz-zjadliwy.podlasie.pl\/zul-nosi-zula62e069fcf0204f56f7b43006290d6a1d0f344eaf290408641d9c7281ef1b8421\/\" class=\"wp-image-10\" srcset=\"https:\/\/www.mariusz-zjadliwy.podlasie.pl\/wp-content\/uploads\/2020\/10\/zul-nosi-zula62e069fcf0204f56f7b43006290d6a1d0f344eaf290408641d9c7281ef1b8421.png 383w, https:\/\/www.mariusz-zjadliwy.podlasie.pl\/wp-content\/uploads\/2020\/10\/zul-nosi-zula62e069fcf0204f56f7b43006290d6a1d0f344eaf290408641d9c7281ef1b8421-300x157.png 300w\" sizes=\"(max-width: 383px) 100vw, 383px\" \/><figcaption class=\"blocks-gallery-item__caption\">\u017bul nosi \u017cula<\/figcaption><\/figure><\/li><li class=\"blocks-gallery-item\"><figure><img loading=\"lazy\" width=\"1024\" height=\"499\" src=\"https:\/\/www.mariusz-zjadliwy.podlasie.pl\/wp-content\/uploads\/2020\/10\/gowniany-obrazeczekdb1b77c8e8c3ab63166fdfd7bbe2b3390d01308b8a7500846471e38e084bc9d2-1024x499.png\" alt=\"\" data-id=\"5\" data-full-url=\"https:\/\/www.mariusz-zjadliwy.podlasie.pl\/wp-content\/uploads\/2020\/10\/gowniany-obrazeczekdb1b77c8e8c3ab63166fdfd7bbe2b3390d01308b8a7500846471e38e084bc9d2.png\" data-link=\"https:\/\/www.mariusz-zjadliwy.podlasie.pl\/gowniany-obrazeczekdb1b77c8e8c3ab63166fdfd7bbe2b3390d01308b8a7500846471e38e084bc9d2\/\" class=\"wp-image-5\" srcset=\"https:\/\/www.mariusz-zjadliwy.podlasie.pl\/wp-content\/uploads\/2020\/10\/gowniany-obrazeczekdb1b77c8e8c3ab63166fdfd7bbe2b3390d01308b8a7500846471e38e084bc9d2-1024x499.png 1024w, https:\/\/www.mariusz-zjadliwy.podlasie.pl\/wp-content\/uploads\/2020\/10\/gowniany-obrazeczekdb1b77c8e8c3ab63166fdfd7bbe2b3390d01308b8a7500846471e38e084bc9d2-300x146.png 300w, https:\/\/www.mariusz-zjadliwy.podlasie.pl\/wp-content\/uploads\/2020\/10\/gowniany-obrazeczekdb1b77c8e8c3ab63166fdfd7bbe2b3390d01308b8a7500846471e38e084bc9d2-768x374.png 768w, https:\/\/www.mariusz-zjadliwy.podlasie.pl\/wp-content\/uploads\/2020\/10\/gowniany-obrazeczekdb1b77c8e8c3ab63166fdfd7bbe2b3390d01308b8a7500846471e38e084bc9d2-1536x748.png 1536w, https:\/\/www.mariusz-zjadliwy.podlasie.pl\/wp-content\/uploads\/2020\/10\/gowniany-obrazeczekdb1b77c8e8c3ab63166fdfd7bbe2b3390d01308b8a7500846471e38e084bc9d2-2048x998.png 2048w, https:\/\/www.mariusz-zjadliwy.podlasie.pl\/wp-content\/uploads\/2020\/10\/gowniany-obrazeczekdb1b77c8e8c3ab63166fdfd7bbe2b3390d01308b8a7500846471e38e084bc9d2-1568x764.png 1568w\" sizes=\"(max-width: 1024px) 100vw, 1024px\" \/><figcaption class=\"blocks-gallery-item__caption\">Dzi\u0119ki za uwag\u0119<\/figcaption><\/figure><\/li><li class=\"blocks-gallery-item\"><figure><img loading=\"lazy\" width=\"296\" height=\"264\" src=\"https:\/\/www.mariusz-zjadliwy.podlasie.pl\/wp-content\/uploads\/2020\/11\/dzieloXD.png\" alt=\"\" data-id=\"79\" data-full-url=\"https:\/\/www.mariusz-zjadliwy.podlasie.pl\/wp-content\/uploads\/2020\/11\/dzieloXD.png\" data-link=\"https:\/\/www.mariusz-zjadliwy.podlasie.pl\/dzieloxd\/\" class=\"wp-image-79\"\/><figcaption class=\"blocks-gallery-item__caption\">Mariuszowe Wakacje<\/figcaption><\/figure><\/li><li class=\"blocks-gallery-item\"><figure><img loading=\"lazy\" width=\"296\" height=\"260\" src=\"https:\/\/www.mariusz-zjadliwy.podlasie.pl\/wp-content\/uploads\/2020\/11\/hehe-mariusz-lubi-majnkraft-1c31ecd82d1ddc525a84d856491cc59fe3d76b6a2ec334cf6e815f767f0e8affe.png\" alt=\"\" data-id=\"80\" data-full-url=\"https:\/\/www.mariusz-zjadliwy.podlasie.pl\/wp-content\/uploads\/2020\/11\/hehe-mariusz-lubi-majnkraft-1c31ecd82d1ddc525a84d856491cc59fe3d76b6a2ec334cf6e815f767f0e8affe.png\" data-link=\"https:\/\/www.mariusz-zjadliwy.podlasie.pl\/hehe-mariusz-lubi-majnkraft-1c31ecd82d1ddc525a84d856491cc59fe3d76b6a2ec334cf6e815f767f0e8affe\/\" class=\"wp-image-80\"\/><figcaption class=\"blocks-gallery-item__caption\">Mariusz lubi Minecraft<\/figcaption><\/figure><\/li><li class=\"blocks-gallery-item\"><figure><img loading=\"lazy\" width=\"560\" height=\"352\" src=\"https:\/\/www.mariusz-zjadliwy.podlasie.pl\/wp-content\/uploads\/2020\/11\/Kosiarka-Bez-nazwy.png\" alt=\"\" data-id=\"85\" data-full-url=\"https:\/\/www.mariusz-zjadliwy.podlasie.pl\/wp-content\/uploads\/2020\/11\/Kosiarka-Bez-nazwy.png\" data-link=\"https:\/\/www.mariusz-zjadliwy.podlasie.pl\/kosiarka-bez-nazwy\/\" class=\"wp-image-85\" srcset=\"https:\/\/www.mariusz-zjadliwy.podlasie.pl\/wp-content\/uploads\/2020\/11\/Kosiarka-Bez-nazwy.png 560w, https:\/\/www.mariusz-zjadliwy.podlasie.pl\/wp-content\/uploads\/2020\/11\/Kosiarka-Bez-nazwy-300x189.png 300w\" sizes=\"(max-width: 560px) 100vw, 560px\" \/><figcaption class=\"blocks-gallery-item__caption\">Mariuszowa Kosiarka<\/figcaption><\/figure><\/li><li class=\"blocks-gallery-item\"><figure><img loading=\"lazy\" width=\"798\" height=\"400\" src=\"https:\/\/www.mariusz-zjadliwy.podlasie.pl\/wp-content\/uploads\/2020\/11\/Ecraft.png\" alt=\"\" data-id=\"92\" data-full-url=\"https:\/\/www.mariusz-zjadliwy.podlasie.pl\/wp-content\/uploads\/2020\/11\/Ecraft.png\" data-link=\"https:\/\/www.mariusz-zjadliwy.podlasie.pl\/index.php\/2020\/11\/19\/wazna-wiadomosc\/ecraft\/\" class=\"wp-image-92\" srcset=\"https:\/\/www.mariusz-zjadliwy.podlasie.pl\/wp-content\/uploads\/2020\/11\/Ecraft.png 798w, https:\/\/www.mariusz-zjadliwy.podlasie.pl\/wp-content\/uploads\/2020\/11\/Ecraft-300x150.png 300w, https:\/\/www.mariusz-zjadliwy.podlasie.pl\/wp-content\/uploads\/2020\/11\/Ecraft-768x385.png 768w\" sizes=\"(max-width: 798px) 100vw, 798px\" \/><figcaption class=\"blocks-gallery-item__caption\">Ecraft<\/figcaption><\/figure><\/li><li class=\"blocks-gallery-item\"><figure><img loading=\"lazy\" width=\"351\" height=\"584\" src=\"https:\/\/www.mariusz-zjadliwy.podlasie.pl\/wp-content\/uploads\/2020\/11\/Mariuszleja.png\" alt=\"\" data-id=\"96\" data-full-url=\"https:\/\/www.mariusz-zjadliwy.podlasie.pl\/wp-content\/uploads\/2020\/11\/Mariuszleja.png\" data-link=\"https:\/\/www.mariusz-zjadliwy.podlasie.pl\/index.php\/2020\/11\/24\/nowe-dzielo-2\/mariuszleja\/\" class=\"wp-image-96\" srcset=\"https:\/\/www.mariusz-zjadliwy.podlasie.pl\/wp-content\/uploads\/2020\/11\/Mariuszleja.png 351w, https:\/\/www.mariusz-zjadliwy.podlasie.pl\/wp-content\/uploads\/2020\/11\/Mariuszleja-180x300.png 180w\" sizes=\"(max-width: 351px) 100vw, 351px\" \/><figcaption class=\"blocks-gallery-item__caption\">Mariuszleja<\/figcaption><\/figure><\/li><li class=\"blocks-gallery-item\"><figure><img loading=\"lazy\" width=\"1024\" height=\"683\" src=\"https:\/\/www.mariusz-zjadliwy.podlasie.pl\/wp-content\/uploads\/2020\/12\/Zyczenia-swiateczne.png\" alt=\"\" data-id=\"100\" data-full-url=\"https:\/\/www.mariusz-zjadliwy.podlasie.pl\/wp-content\/uploads\/2020\/12\/Zyczenia-swiateczne.png\" data-link=\"https:\/\/www.mariusz-zjadliwy.podlasie.pl\/index.php\/2020\/12\/23\/wesolych-swiat\/zyczenia-swiateczne\/\" class=\"wp-image-100\" srcset=\"https:\/\/www.mariusz-zjadliwy.podlasie.pl\/wp-content\/uploads\/2020\/12\/Zyczenia-swiateczne.png 1024w, https:\/\/www.mariusz-zjadliwy.podlasie.pl\/wp-content\/uploads\/2020\/12\/Zyczenia-swiateczne-300x200.png 300w, https:\/\/www.mariusz-zjadliwy.podlasie.pl\/wp-content\/uploads\/2020\/12\/Zyczenia-swiateczne-768x512.png 768w\" sizes=\"(max-width: 1024px) 100vw, 1024px\" \/><figcaption class=\"blocks-gallery-item__caption\">Mariuszowy miko\u0142aj<\/figcaption><\/figure><\/li><li class=\"blocks-gallery-item\"><figure><img loading=\"lazy\" width=\"1024\" height=\"739\" src=\"https:\/\/www.mariusz-zjadliwy.podlasie.pl\/wp-content\/uploads\/2020\/12\/Zyczenia-noworoczne-1024x739.png\" alt=\"\" data-id=\"110\" data-full-url=\"https:\/\/www.mariusz-zjadliwy.podlasie.pl\/wp-content\/uploads\/2020\/12\/Zyczenia-noworoczne.png\" data-link=\"https:\/\/www.mariusz-zjadliwy.podlasie.pl\/index.php\/2020\/12\/31\/szczesliwego-nowego-roku\/zyczenia-noworoczne\/\" class=\"wp-image-110\" srcset=\"https:\/\/www.mariusz-zjadliwy.podlasie.pl\/wp-content\/uploads\/2020\/12\/Zyczenia-noworoczne-1024x739.png 1024w, https:\/\/www.mariusz-zjadliwy.podlasie.pl\/wp-content\/uploads\/2020\/12\/Zyczenia-noworoczne-300x217.png 300w, https:\/\/www.mariusz-zjadliwy.podlasie.pl\/wp-content\/uploads\/2020\/12\/Zyczenia-noworoczne-768x554.png 768w, https:\/\/www.mariusz-zjadliwy.podlasie.pl\/wp-content\/uploads\/2020\/12\/Zyczenia-noworoczne-1536x1109.png 1536w, https:\/\/www.mariusz-zjadliwy.podlasie.pl\/wp-content\/uploads\/2020\/12\/Zyczenia-noworoczne-1568x1132.png 1568w, https:\/\/www.mariusz-zjadliwy.podlasie.pl\/wp-content\/uploads\/2020\/12\/Zyczenia-noworoczne.png 1628w\" sizes=\"(max-width: 1024px) 100vw, 1024px\" \/><figcaption class=\"blocks-gallery-item__caption\">Nowy rok 2021<\/figcaption><\/figure><\/li><li class=\"blocks-gallery-item\"><figure><img loading=\"lazy\" width=\"427\" height=\"600\" src=\"https:\/\/www.mariusz-zjadliwy.podlasie.pl\/wp-content\/uploads\/2021\/01\/Happy-Mariusz-Day-1.png\" alt=\"\" data-id=\"115\" data-full-url=\"https:\/\/www.mariusz-zjadliwy.podlasie.pl\/wp-content\/uploads\/2021\/01\/Happy-Mariusz-Day-1.png\" data-link=\"https:\/\/www.mariusz-zjadliwy.podlasie.pl\/index.php\/2021\/01\/19\/wesolego-dnia-mariusza\/happy-mariusz-day-1\/\" class=\"wp-image-115\" srcset=\"https:\/\/www.mariusz-zjadliwy.podlasie.pl\/wp-content\/uploads\/2021\/01\/Happy-Mariusz-Day-1.png 427w, https:\/\/www.mariusz-zjadliwy.podlasie.pl\/wp-content\/uploads\/2021\/01\/Happy-Mariusz-Day-1-214x300.png 214w\" sizes=\"(max-width: 427px) 100vw, 427px\" \/><figcaption class=\"blocks-gallery-item__caption\">Happy Mariusz Day<\/figcaption><\/figure><\/li><li class=\"blocks-gallery-item\"><figure><img loading=\"lazy\" width=\"218\" height=\"305\" src=\"https:\/\/www.mariusz-zjadliwy.podlasie.pl\/wp-content\/uploads\/2021\/02\/mariuszo-lisa.png\" alt=\"\" data-id=\"122\" data-full-url=\"https:\/\/www.mariusz-zjadliwy.podlasie.pl\/wp-content\/uploads\/2021\/02\/mariuszo-lisa.png\" data-link=\"https:\/\/www.mariusz-zjadliwy.podlasie.pl\/index.php\/2021\/02\/10\/mariuszo-lisa\/mariuszo-lisa\/\" class=\"wp-image-122\" srcset=\"https:\/\/www.mariusz-zjadliwy.podlasie.pl\/wp-content\/uploads\/2021\/02\/mariuszo-lisa.png 218w, https:\/\/www.mariusz-zjadliwy.podlasie.pl\/wp-content\/uploads\/2021\/02\/mariuszo-lisa-214x300.png 214w\" sizes=\"(max-width: 218px) 100vw, 218px\" \/><figcaption class=\"blocks-gallery-item__caption\">Mariuszo Lisa<\/figcaption><\/figure><\/li><\/ul><\/figure>\n","protected":false},"excerpt":{"rendered":"<p>Oto galeria obraz\u00f3w Mariusza Zjadliwego. Wszystkie obrazy w jednym miejscu.<\/p>\n","protected":false},"author":2,"featured_media":0,"parent":0,"menu_order":0,"comment_status":"closed","ping_status":"closed","template":"","meta":[],"_links":{"self":[{"href":"https:\/\/www.mariusz-zjadliwy.podlasie.pl\/index.php\/wp-json\/wp\/v2\/pages\/53"}],"collection":[{"href":"https:\/\/www.mariusz-zjadliwy.podlasie.pl\/index.php\/wp-json\/wp\/v2\/pages"}],"about":[{"href":"https:\/\/www.mariusz-zjadliwy.podlasie.pl\/index.php\/wp-json\/wp\/v2\/types\/page"}],"author":[{"embeddable":true,"href":"https:\/\/www.mariusz-zjadliwy.podlasie.pl\/index.php\/wp-json\/wp\/v2\/users\/2"}],"replies":[{"embeddable":true,"href":"https:\/\/www.mariusz-zjadliwy.podlasie.pl\/index.php\/wp-json\/wp\/v2\/comments?post=53"}],"version-history":[{"count":7,"href":"https:\/\/www.mariusz-zjadliwy.podlasie.pl\/index.php\/wp-json\/wp\/v2\/pages\/53\/revisions"}],"predecessor-version":[{"id":124,"href":"https:\/\/www.mariusz-zjadliwy.podlasie.pl\/index.php\/wp-json\/wp\/v2\/pages\/53\/revisions\/124"}],"wp:attachment":[{"href":"https:\/\/www.mariusz-zjadliwy.podlasie.pl\/index.php\/wp-json\/wp\/v2\/media?parent=53"}],"curies":[{"name":"wp","href":"https:\/\/api.w.org\/{rel}","templated":true}]}}