{"id":135,"date":"2021-09-06T14:53:13","date_gmt":"2021-09-06T14:53:13","guid":{"rendered":"https:\/\/www.mariusz-zjadliwy.podlasie.pl\/?page_id=135"},"modified":"2021-09-06T14:53:13","modified_gmt":"2021-09-06T14:53:13","slug":"ziele-na-podlasiu","status":"publish","type":"page","link":"https:\/\/www.mariusz-zjadliwy.podlasie.pl\/index.php\/ziele-na-podlasiu\/","title":{"rendered":"Ziele na Podlasiu"},"content":{"rendered":"\n<p>W tej zak\u0142adce na naszej mariuszo-stronie znajduj\u0119 si\u0119 Ziele na Podlasiu, czyli mega zacna lektura napisana przez samego Mariusza Zjadliwego, dost\u0119pna do przeczytania przez Ciebie \ud83d\ude42<\/p>\n\n\n\n<p>Mi\u0142ej lektury \ud83d\ude42<\/p>\n\n\n\n<figure class=\"wp-block-image size-large is-resized\"><img loading=\"lazy\" src=\"https:\/\/www.mariusz-zjadliwy.podlasie.pl\/wp-content\/uploads\/2021\/09\/Okladka-1.png\" alt=\"\" class=\"wp-image-138\" width=\"953\" height=\"1345\" srcset=\"https:\/\/www.mariusz-zjadliwy.podlasie.pl\/wp-content\/uploads\/2021\/09\/Okladka-1.png 567w, https:\/\/www.mariusz-zjadliwy.podlasie.pl\/wp-content\/uploads\/2021\/09\/Okladka-1-213x300.png 213w\" sizes=\"(max-width: 953px) 100vw, 953px\" \/><figcaption>Ok\u0142adka<\/figcaption><\/figure>\n\n\n\n<figure class=\"wp-block-image size-large is-resized\"><img loading=\"lazy\" src=\"https:\/\/www.mariusz-zjadliwy.podlasie.pl\/wp-content\/uploads\/2021\/09\/strona_1-1.png\" alt=\"\" class=\"wp-image-140\" width=\"950\" height=\"1343\" srcset=\"https:\/\/www.mariusz-zjadliwy.podlasie.pl\/wp-content\/uploads\/2021\/09\/strona_1-1.png 682w, https:\/\/www.mariusz-zjadliwy.podlasie.pl\/wp-content\/uploads\/2021\/09\/strona_1-1-212x300.png 212w\" sizes=\"(max-width: 950px) 100vw, 950px\" \/><figcaption>Strona 1<\/figcaption><\/figure>\n\n\n\n<figure class=\"wp-block-image size-large is-resized\"><img loading=\"lazy\" src=\"https:\/\/www.mariusz-zjadliwy.podlasie.pl\/wp-content\/uploads\/2021\/09\/strona_2.png\" alt=\"\" class=\"wp-image-141\" width=\"951\" height=\"1344\" srcset=\"https:\/\/www.mariusz-zjadliwy.podlasie.pl\/wp-content\/uploads\/2021\/09\/strona_2.png 682w, https:\/\/www.mariusz-zjadliwy.podlasie.pl\/wp-content\/uploads\/2021\/09\/strona_2-212x300.png 212w\" sizes=\"(max-width: 951px) 100vw, 951px\" \/><figcaption>Strona 2<\/figcaption><\/figure>\n\n\n\n<figure class=\"wp-block-image size-large is-resized\"><img loading=\"lazy\" src=\"https:\/\/www.mariusz-zjadliwy.podlasie.pl\/wp-content\/uploads\/2021\/09\/strona_3.png\" alt=\"\" class=\"wp-image-142\" width=\"953\" height=\"1348\" srcset=\"https:\/\/www.mariusz-zjadliwy.podlasie.pl\/wp-content\/uploads\/2021\/09\/strona_3.png 682w, https:\/\/www.mariusz-zjadliwy.podlasie.pl\/wp-content\/uploads\/2021\/09\/strona_3-212x300.png 212w\" sizes=\"(max-width: 953px) 100vw, 953px\" \/><figcaption>Strona 3<\/figcaption><\/figure>\n\n\n\n<figure class=\"wp-block-image size-large is-resized\"><img loading=\"lazy\" src=\"https:\/\/www.mariusz-zjadliwy.podlasie.pl\/wp-content\/uploads\/2021\/09\/strona_4.png\" alt=\"\" class=\"wp-image-143\" width=\"953\" height=\"1347\" srcset=\"https:\/\/www.mariusz-zjadliwy.podlasie.pl\/wp-content\/uploads\/2021\/09\/strona_4.png 682w, https:\/\/www.mariusz-zjadliwy.podlasie.pl\/wp-content\/uploads\/2021\/09\/strona_4-212x300.png 212w\" sizes=\"(max-width: 953px) 100vw, 953px\" \/><figcaption>Strona 4<\/figcaption><\/figure>\n\n\n\n<figure class=\"wp-block-image size-large is-resized\"><img loading=\"lazy\" src=\"https:\/\/www.mariusz-zjadliwy.podlasie.pl\/wp-content\/uploads\/2021\/09\/strona_5.png\" alt=\"\" class=\"wp-image-144\" width=\"953\" height=\"1348\" srcset=\"https:\/\/www.mariusz-zjadliwy.podlasie.pl\/wp-content\/uploads\/2021\/09\/strona_5.png 682w, https:\/\/www.mariusz-zjadliwy.podlasie.pl\/wp-content\/uploads\/2021\/09\/strona_5-212x300.png 212w\" sizes=\"(max-width: 953px) 100vw, 953px\" \/><figcaption>Strona 5<\/figcaption><\/figure>\n\n\n\n<figure class=\"wp-block-image size-large is-resized\"><img loading=\"lazy\" src=\"https:\/\/www.mariusz-zjadliwy.podlasie.pl\/wp-content\/uploads\/2021\/09\/strona_6.png\" alt=\"\" class=\"wp-image-145\" width=\"953\" height=\"1348\" srcset=\"https:\/\/www.mariusz-zjadliwy.podlasie.pl\/wp-content\/uploads\/2021\/09\/strona_6.png 682w, https:\/\/www.mariusz-zjadliwy.podlasie.pl\/wp-content\/uploads\/2021\/09\/strona_6-212x300.png 212w\" sizes=\"(max-width: 953px) 100vw, 953px\" \/><figcaption>Strona 7<\/figcaption><\/figure>\n\n\n\n<p>Mamy nadziej\u0119, \u017ce lektura Wam si\u0119 spodoba\u0142a. Zarekomendujcie ksi\u0105\u017ck\u0119 znajomym, rodzinie itd. Wszelki zakaz rozpowszechniania powy\u017cszej lektury bez wiedzy i zezwolenia Mariusza Zjadliwego lub jego grupy.<\/p>\n\n\n\n<p>Kontakt:<\/p>\n\n\n\n<p>mariuszzjadliwy@gmail.com lub mariuszzjadliwy.team@gmail.com<\/p>\n\n\n\n<p><\/p>\n\n\n\n<p>Ziele na Podlasiu jest (b\u0119dzie) r\u00f3wnie\u017c dost\u0119pne do pobrania w formie pliku PDF w celu wydrukowania sobie w\u0142asnej kopii r\u0119cznej roboty (w tym celu musisz samemu sobie ksi\u0105\u017ck\u0119 poskleja\u0107 lub pozszywa\u0107). W przysz\u0142o\u015bci my (tj. Mariusz Zjadliwy Team) rozwa\u017cymy opublikowanie Ziela na Podlasiu w papierowej formie.<\/p>\n\n\n\n<p>(Tu b\u0119dzie plik PDF w przysz\u0142o\u015bci)<\/p>\n","protected":false},"excerpt":{"rendered":"<p>W tej zak\u0142adce na naszej mariuszo-stronie znajduj\u0119 si\u0119 Ziele na Podlasiu, czyli mega zacna lektura napisana przez samego Mariusza Zjadliwego, dost\u0119pna do przeczytania przez Ciebie \ud83d\ude42 Mi\u0142ej lektury \ud83d\ude42 Mamy nadziej\u0119, \u017ce lektura Wam si\u0119 spodoba\u0142a. Zarekomendujcie ksi\u0105\u017ck\u0119 znajomym, rodzinie itd. Wszelki zakaz rozpowszechniania powy\u017cszej lektury bez wiedzy i zezwolenia Mariusza Zjadliwego lub jego grupy. [&hellip;]<\/p>\n","protected":false},"author":2,"featured_media":0,"parent":0,"menu_order":0,"comment_status":"open","ping_status":"closed","template":"","meta":[],"_links":{"self":[{"href":"https:\/\/www.mariusz-zjadliwy.podlasie.pl\/index.php\/wp-json\/wp\/v2\/pages\/135"}],"collection":[{"href":"https:\/\/www.mariusz-zjadliwy.podlasie.pl\/index.php\/wp-json\/wp\/v2\/pages"}],"about":[{"href":"https:\/\/www.mariusz-zjadliwy.podlasie.pl\/index.php\/wp-json\/wp\/v2\/types\/page"}],"author":[{"embeddable":true,"href":"https:\/\/www.mariusz-zjadliwy.podlasie.pl\/index.php\/wp-json\/wp\/v2\/users\/2"}],"replies":[{"embeddable":true,"href":"https:\/\/www.mariusz-zjadliwy.podlasie.pl\/index.php\/wp-json\/wp\/v2\/comments?post=135"}],"version-history":[{"count":3,"href":"https:\/\/www.mariusz-zjadliwy.podlasie.pl\/index.php\/wp-json\/wp\/v2\/pages\/135\/revisions"}],"predecessor-version":[{"id":147,"href":"https:\/\/www.mariusz-zjadliwy.podlasie.pl\/index.php\/wp-json\/wp\/v2\/pages\/135\/revisions\/147"}],"wp:attachment":[{"href":"https:\/\/www.mariusz-zjadliwy.podlasie.pl\/index.php\/wp-json\/wp\/v2\/media?parent=135"}],"curies":[{"name":"wp","href":"https:\/\/api.w.org\/{rel}","templated":true}]}}